-n**2 + 15*n - 12. Suppose 0 = -12*o - 6 + 54. Suppose o = -3*x + 46. Determine k(x).
2
Let h(v) = -2*v**2 + 2*v + 4. Let i be 1/(3/2)*(23 - 26). Let m(a) = a**2 - 2*a - 3. Let r(t) = i*h(t) - 3*m(t). Calculate r(-3).
4
Let d(n) be the first derivative of n**6/360 + n**5/20 + 7*n**4/24 + 5*n**3/3 + 8. Let h(o) be the third derivative of d(o). Let v = 2 + -8. Determine h(v).
7
Let w(i) be the first derivative of i**2 + 40 + 1/3*i**3 + i. What is w(-4)?
9
Let s(h) = -2*h + 0*h - 1072 - 13*h + 1073 + h**2. What is s(15)?
1
Let d(i) = i**3 + 9*i**2 + 11*i + 12. Suppose 0*x - 2*x - t = 13, -5*x + t - 43 = 0. Give d(x).
-12
Let t(u) = -u**3 + 3*u**2 + 2. Let h(d) = -2*d**3 - 9*d**2 + 9*d - 5. Let b(k) = k**3 + 9*k**2 - 9*k + 5. Let f(r) = -3*b(r) - 2*h(r). Let j be f(8). Give t(j).
2
Let o(h) be the third derivative of h**6/120 + 2*h**5/15 + 5*h**4/24 + h**3 - 8*h**2 + 5. Calculate o(-7).
20
Suppose -20 = 4*f, -t + 4*f - 8*f - 18 = 0. Let x(a) = 2*a - 1 + 26*a**3 - 7*a**3 - 2*a**t - 14*a**3. Calculate x(1).
4
Let k(p) = -3*p**3 - 7*p**2 - 8*p + 8. Let b(o) = o**3 + o**2 + o - 1. Let v(t) = 4*b(t) + k(t). Calculate v(4).
4
Let i = 397/2 + -198. Let z(y) be the second derivative of i*y**2 + 0 - 7*y + 1/3*y**3. What is z(-4)?
-7
Let x(y) be the first derivative of y**4/4 + 5*y**3/3 + 2*y**2 - y + 22. What is x(-3)?
5
Let o(d) = -d**2 - 6*d + 1. Let m(h) = -27*h - 6. Let g be m(1). Let z = g - -27. Calculate o(z).
1
Let p(i) = i**2 - i - 10. Suppose 7*z = -7*z + 7*z. What is p(z)?
-10
Let c(j) = -7*j**2 + 48*j + 6. Let i be c(7). Let l(m) = -18*m**3 - m. Determine l(i).
19
Let m be 4/9*189/14. Let d(j) = 2*j**2 - 8*j + 3. Determine d(m).
27
Let o(z) = -3*z**2 + 4*z + 6. Let h(t) = 2*t**2 - 4*t - 7. Let b(i) = 4*h(i) + 3*o(i). What is b(-4)?
-10
Let d = 46 - 21. Suppose -5*f + d - 1 = -2*g, 0 = -3*f + 4*g + 6. Let t(r) = -9*r + 7*r + 4*r**2 - f - 2*r + r**3. Give t(-4).
10
Let z(h) = 5*h**3 + 2*h**2 - 5*h - 8. Let f(m) = 12*m**3 + 3*m**2 - 11*m - 18. Let t(j) = 2*f(j) - 5*z(j). Calculate t(-3).
-14
Let p be (-2 - -3)*(0 + 3 - 3). Let d(s) be the third derivative of 0*s + 7*s**2 + p + 1/2*s**3 + 1/24*s**4. Give d(-6).
-3
Suppose -2*r - 9 = -2*m - 3*r, 2 = -4*m + 2*r. Let a = 3 + -3. Let h(y) = a*y**m - 4 - y**2 + 3*y**2 - 4*y + 3. Give h(3).
5
Let m(c) = -c - 6 + 2 + 2*c. Let l(u) = -28*u - 28. Let o(r) = 10*r + 9. Let b(t) = 6*l(t) + 17*o(t). Let j be b(9). Calculate m(j).
-1
Let m = -357 - -343. Let c(t) = 2*t + 27. Calculate c(m).
-1
Let p(a) be the first derivative of -a**2/2 + 5*a + 115. Calculate p(3).
2
Let v(u) = -5*u - 3 - 97*u**2 + u**3 - 99*u**2 + 198*u**2 + 2*u. Give v(-2).
3
Let g(i) = i**2 + 7*i + 10. Let t(h) = -28*h + 133. Let u be t(5). Determine g(u).
10
Suppose 0 = -5*k - c + 8, -4*c + 2*c + 4 = 4*k. Let r(n) be the first derivative of -n**k + 8*n - 2 - 3 + 1. Calculate r(6).
-4
Suppose -3*s + 6 = 3*n, -2 = -3*s - 2*n - 3*n. Let r(k) = 18*k - 71. Determine r(s).
1
Let c be 5/2 + (-42)/28. Let v(a) = 13*a + 1. Determine v(c).
14
Let i(f) = 94 + 99 - 284 + 88 - 6*f - f**2 + 0*f**2. Let g be (-42)/10 - 1/(-5). Give i(g).
5
Let y be 4/(-6) - (-80)/12. Let b be y/(-4)*(-12)/6. Suppose 5*d + 36 = b*v, d + 4*d = 5*v - 50. Let j(q) = -q**3 + 6*q**2 + 9*q - 9. Give j(v).
5
Let t(o) = -o**2 + 2*o - 5. Let c be (1 - 22/6)*(-72)/(-48). Give t(c).
-29
Let l = -56 + -41. Let f = -99 - l. Let n(z) = -2*z**2 - 2*z + 1. Determine n(f).
-3
Let t be (1*(-4)/(-6))/(4/252). Suppose -5*r - r = t. Let b(q) = q**3 + 7*q**2 - 5*q - 10. Determine b(r).
25
Let q be 3 - 4/(0 + 4). Let h(f) = -6 - 10 + 19 + q*f. Give h(-4).
-5
Let o(r) be the first derivative of r**3/3 + 3*r**2/2 + 5*r - 45. Determine o(-4).
9
Let b(z) = 49*z + 26. Let i(o) = -9*o - 5. Let n(k) = 2*b(k) + 11*i(k). Let u(q) = -q**2 - 7 - 4*q + 11*q + 0*q. Let p be u(5). Give n(p).
-6
Suppose -5*r = -9*r + 196. Let v = 53 - r. Let m(i) = -i**3 + 3*i**2 + i - 1. What is m(v)?
-13
Let x(r) be the first derivative of -r**4/4 - r**3/3 + r**2/2 - 15*r - 22. Let t be ((-8)/7)/((-2)/7). Suppose k - t*k = 0. Determine x(k).
-15
Let m(k) = -3*k + 16 + 22 - 22. Give m(6).
-2
Let o(i) be the third derivative of i**6/120 - i**4/12 + i**3/6 + 2*i**2. Let b = -6 + 6. Suppose 8 = 4*k - b*k. What is o(k)?
5
Let d(o) = o + 4. Let w be d(-3). Let n(h) = 4*h**2 - 7*h - 2. Let u(x) = -6*x**2 + 12*x + 3. Let m(l) = 5*n(l) + 3*u(l). Calculate m(w).
2
Suppose 0 = 2*d + 3*v - 3, 5*d + v - 36 = 3*v. Suppose -d*s + 8 = -4*s. Let f(o) = -o**3 + 4*o**2 - 4*o + 3. Calculate f(s).
-13
Let g(i) = -15*i + 14*i - 1 + 8. Give g(7).
0
Let c = -9 - -3. Let d(n) = -4. Let y(w) = w - 8. Let j(f) = -5*d(f) + 2*y(f). What is j(c)?
-8
Let r = 337 - 345. Let c(o) = o**2 + 8*o - 10. What is c(r)?
-10
Suppose -2*f + 30 = 4*a, 4 = -2*a + 10. Let x(u) = u + 1. Let m(d) = 2 + 4*d + 4 + 3 - 4. Let t(z) = f*x(z) - 2*m(z). Determine t(7).
6
Let k(c) = 14*c**3 + 48*c**2 + 9*c - 35. Let a(g) = 5*g**3 + 17*g**2 + 3*g - 12. Let o(i) = -11*a(i) + 4*k(i). What is o(-4)?
-4
Let j(a) = -a**2 + a - 4. Let q(v) be the second derivative of -v**4/12 - v**2 + 4*v. Let i(w) = 2*j(w) - 5*q(w). Calculate i(-2).
10
Suppose 3*q + j = -4, 3*q - j - 4 = 8*q. Let t(r) be the third derivative of -1/60*r**5 + q - 1/6*r**3 + 0*r + 1/8*r**4 - 7*r**2. Calculate t(2).
1
Let s(r) = 3*r - 37. Let d(o) = o - 14. Let c(t) = 8*d(t) - 3*s(t). Calculate c(3).
-4
Let x(b) = 4*b**2 + 12*b + 9. Let p(r) = r**2 + r + 1. Let z(a) = 5*p(a) - x(a). Calculate z(5).
-14
Let v(n) = n**3 + 2*n**2 - 6*n - 8. Let p(z) = -4*z**3 - 10*z**2 + 19*z + 25. Let j(f) = 2*p(f) + 7*v(f). Calculate j(-5).
-11
Let x(y) = 4*y - 25*y + 9*y + 8*y + 3. Determine x(11).
-41
Let b = -369 + 369. Let z(w) = 2*w + 5. Calculate z(b).
5
Let j(i) = -16*i**3 + 2*i + 1. Let h(k) = -k**3 + 7*k**2 - 6*k + 2. Let q be h(6). Let c be 2*2/(-6) + q/(-6). Give j(c).
15
Let p(l) be the second derivative of -11*l**3/6 - l**2/2 + 138*l. What is p(-2)?
21
Let l(r) = -r + 3. Suppose -9 = -4*z - 5*h + 31, -z + 1 = -h. Let f be 4*-3*(-15)/36. Suppose 4*u - 3*u = -5*w + z, -5*u = -5*w + f. Determine l(u).
3
Let h(m) = -m - 1. Let v(n) = -1 + 2*n - 1 + 2*n - 1. Let w = 156 + -157. Let l(u) = w*v(u) + 2*h(u). Calculate l(1).
-5
Let r(j) = -2*j**2 - 2*j + 1. Let v be r(2). Let t = v + 16. Suppose -t*p - 8 = -p + u, -13 = -3*p + 4*u. Let k(y) = -8*y**3 - 1. What is k(p)?
7
Let y(o) = -2*o**2 - 1 + 7*o**2 + 0*o**2 - 2*o - 3*o**2. Let x be y(2). Let a(z) = -3*z**3 + 5*z**2 + 5*z**3 - z + 7 - x*z**3. What is a(5)?
2
Suppose 0 = 3*p - 7*p. Let a(y) = y**2 - 4 + 1 - 2*y + 5*y + p. What is a(-3)?
-3
Let p(a) = 17*a + 5. Let n(t) = 11*t + 4. Let d(q) = -3*n(q) + 2*p(q). Calculate d(2).
0
Suppose -2*z + 5*z + 11 = 2*p, 2*z = -2*p - 14. Let o be 7/(-2)*(-16 + 14). Let a(g) = -2*g**2 - 4 - 5*g - o*g**2 + 3*g**2 - g**3 + 11. Calculate a(z).
7
Let s(n) = -2*n. Suppose -11*m = -8*m - 57. Suppose i = m - 21. Give s(i).
4
Let p = 11 - 8. Let n = 20 + -12. Suppose n*m - 20 = p*m. Let a(v) = v + 4. Calculate a(m).
8
Let d(a) = -a**2 - 6*a - 6. Let h be d(-4). Let x(p) = 5*p**h + 2*p + p**3 + 8 + 5*p - 5*p - 2. Calculate x(-5).
-4
Suppose -4*c + 4 = -4. Let k(a) = -2*a - 35. Let w(x) = -3*x - 49. Let p(v) = -7*k(v) + 5*w(v). What is p(c)?
-2
Let j(s) be the first derivative of -s**4/4 + 4*s**3/3 + s**2/2 - 2*s + 100. What is j(5)?
-22
Suppose 3*s + 4*l + 1 = 0, 0 = 2*s - s - 4*l + 11. Let d be 17/4 - s/(-12). Let q(u) = -3*u + 2*u - 5*u + 8*u - 3. Calculate q(d).
5
Let f(h) be the first derivative of h**4/4 + 8*h**3/3 - 3*h**2 - 3*h + 112. Calculate f(-8).
45
Let t(q) = 4*q**3 - 3*q + 2. Let k = 15 + -20. Let j(u) = -u**3 - u**2. Let i(h) = k*j(h) - t(h). Let b = -5 + 1. Give i(b).
2
Let t(b) = -2*b**2 - 2*b - 1. Suppose 24 = -4*m - 2*u - 2*u, 2*m - 4*u - 6 = 0. Let k = m - -3. Suppose -5 + k = 5*y. Calculate t(y).
-1
Let g(k) = -k**2 - 8*k + 20. Let f(s) = -s**3 + s**2 + 10*s - 2. Let n be f(4). Calculate g(n).
0
Let m(i) = i**3 + 0*i + 0*i + 2*i + 0*i + 7*i**2 + 11. Calculate m(-7).
-3
Let i be (7/(-3))/((-4)/36). Suppose -30 = y + 2*y - 4*k, -2*y - i = -3*k. Let o(c) = c**3 + 5*c**2 - 5*c - 3. What is o(y)?
-9
Let k(u) = -8*u - 5. Suppose 2*f = -2*a - 35 + 47, f + 5*a - 10 = 0. Calculate k(f).
-45
Let b(p) be the second derivative of 3/2*p**2 - 13*p